t y = 95 + -67. Calculate the remainder when y is divided by 8 + (-1)/u + 1.
8
Suppose l - 16 = 1. Let v = 59 - l. Calculate the remainder when v is divided by 22.
20
Let s be (0 - -2)*(-4 + 11). Calculate the remainder when 23 is divided by s/2*(2 - 0).
9
What is the remainder when 7*42/4*12/18 is divided by 5?
4
Suppose -50 = 16*s - 402. Calculate the remainder when 87 is divided by s.
21
Let w(m) = 0*m + 2*m - 2*m**2 + m**2 + 2. Calculate the remainder when w(2) is divided by 2.
0
Suppose v + 20 = 4*u - v, -5*u - v + 25 = 0. Let a = 6 + u. Suppose 11*i - 6*i - 145 = 0. Calculate the remainder when i is divided by a.
7
Suppose -b + 12 = 3*f, f - 4*f = -4*b + 3. Suppose 0 = 4*p + k + f*k + 4, 0 = 3*p - 2*k - 12. What is the remainder when -3 + (-1 - (p - 21)) is divided by 4?
3
Let j(a) = a**2 + 10*a - 7. Let c be j(-11). Suppose -4*b - 4*t = -68, c*b - 6*b - 5*t + 19 = 0. Calculate the remainder when b is divided by 6.
4
Suppose 19*b + 3*b - 4048 = 0. Calculate the remainder when b is divided by 55.
19
Let b(n) = -738*n**3 - 4*n**2 + 4*n + 7. What is the remainder when b(-1) is divided by 20?
17
Suppose 117*l - 134*l + 1411 = 0. Suppose 8*r - 3*r = -4*m + 108, -r - 4*m = -12. Calculate the remainder when l is divided by r.
11
Let d(i) be the third derivative of 77*i**4/24 + i**3/6 - i**2. Let j be d(1). What is the remainder when 24 is divided by (j/(-18))/((-1)/3)?
11
Suppose -8*f + 4*f + 108 = 0. Suppose p - f - 6 = 0. What is the remainder when p is divided by 19?
14
Let r = -18 - -55. Suppose -q = 4*q - 25. Let u(b) = 3*b - 2. What is the remainder when r is divided by u(q)?
11
Let l = 2 - 1. Suppose -5*v + 6*v - 4 = 0. Suppose a = 2*k, -a = -k - 3*k + v. What is the remainder when k is divided by l?
0
Let a = 272 - 199. What is the remainder when 364 is divided by a?
72
Suppose -524 = -2*q + 2*n - 106, 0 = 4*n - 4. Calculate the remainder when q is divided by 43.
38
Suppose 15*m = -10*m + 1000. What is the remainder when 117 is divided by m?
37
Suppose 24*z - 25*z + 14 = 0. Let q = z + 0. Let s(r) = -r**3 - r**2 - r + 1. What is the remainder when s(-4) is divided by q?
11
Let m be (-18)/(-8) - 1/4. Suppose 3*w = -3*f + 10 + m, 0 = 5*w - 5. Suppose 0 = f*p - 7*p + 68. What is the remainder when 32 is divided by p?
15
Let b = 123 + -102. Calculate the remainder when 69 is divided by b.
6
Let y = -154 - -264. Suppose -4*u + y = -54. What is the remainder when u is divided by ((-63)/(-6))/(2/4)?
20
Suppose 3*u - 2 + 20 = 0. Suppose -y + 7 = b - 0*b, 0 = -5*y + 2*b + 28. What is the remainder when y is divided by 3 + 1 + u/3?
0
Suppose -2*p = 2, 4*w - 3*p + 75 - 222 = 0. Suppose k - 4 - w = 4*j, 5*k - 4*j - 264 = 0. Calculate the remainder when k is divided by 29.
27
Let i(o) = -o**3 - 7*o**2 + 8*o. Let s be i(-8). Suppose 0*w - 2*w = s. Suppose 2*g + 4 - 20 = w. Calculate the remainder when g is divided by 5.
3
Let w(y) = -y**2 + 11*y - 1. Let d = 449 - 437. Calculate the remainder when w(6) is divided by d.
5
Let d = -120 - -130. Calculate the remainder when 67 is divided by 10/d*(16 - 2).
11
Suppose -m - 2*m - 178 = -4*o, -222 = -5*o + 4*m. Let l = 2 - 0. Suppose -l*y - 48 = -5*y. What is the remainder when o is divided by y?
14
Let n(d) = -d**2 - 26*d - 4. Calculate the remainder when n(-14) is divided by 21.
17
Let p = 128 - 263. Let o = 88 - p. What is the remainder when o is divided by 57?
52
Let u be -3 + (-1 - 3 - -238). Let w = u - 148. Calculate the remainder when w is divided by 28.
27
Suppose -4*u = -35*j + 30*j + 423, -u = -3*j + 251. What is the remainder when j is divided by 21?
20
Suppose -1238 = -3*u - 1046. Calculate the remainder when u is divided by 17.
13
What is the remainder when 6 is divided by 748/121 - (-4)/(-22)?
0
Let s = 1172 - 1082. What is the remainder when 1257 is divided by s?
87
Suppose 3*b - 30 = -3*i, 501*b - 502*b = -i - 8. Calculate the remainder when 0/3 + 35 + 0 is divided by b.
8
Suppose 0 = 9*b - 28*b + 1881. Calculate the remainder when 191 is divided by b.
92
Suppose 4*t - 3*l - 279 - 161 = 0, -5*t = l - 550. What is the remainder when t is divided by 3?
2
Let m = -23 + 20. Calculate the remainder when 42 is divided by (m - (0 + 108/(-20)))*10.
18
Let h be ((-28)/(-6))/(-7) + (-22)/(-6). Suppose 0 = -3*i - 0*d - h*d + 69, -4*d - 22 = -2*i. What is the remainder when 33 is divided by i?
14
Let j = -73 + 79. Calculate the remainder when 142 is divided by j.
4
Let j(a) = 5 - 19*a + a + 9*a + 2*a**2. What is the remainder when 22 is divided by j(5)?
2
Suppose y - 9*y + 3680 = 0. What is the remainder when y is divided by 11?
9
Let l = 266 - 182. Calculate the remainder when l is divided by 20.
4
Calculate the remainder when -442*(27/6)/(-9) is divided by 32.
29
Let o = 56 - 23. Let i = -44 + o. Let p = 30 - i. What is the remainder when p is divided by 14?
13
What is the remainder when 637 is divided by 24*(-7)/(-63)*5*6?
77
Suppose 0 = -0*j - j + 7. Suppose -5*b - 38 = -j*b. What is the remainder when 75 is divided by b?
18
Calculate the remainder when 150 is divided by -4*(483/(-28) + -2).
73
What is the remainder when 88 is divided by (0 + -1)/((-23)/1035)?
43
Let b = 128 + -87. Suppose -16*t + b + 7 = 0. Calculate the remainder when 4 is divided by t.
1
Let b(i) = -148*i - 97. Calculate the remainder when b(-2) is divided by 3.
1
Suppose d - 38 = 3*d. Let z = -55 + 88. Let q = d + z. What is the remainder when 53 is divided by q?
11
Suppose 3*s - 54 = 2*s. Let g be 2 + 5 + -4 + -1. Suppose 4*u + 12 = g*n, -n - 30 = -2*n - 4*u. What is the remainder when s is divided by n?
12
Let d(q) = q**2 - 36*q - 137. Calculate the remainder when 321 is divided by d(40).
22
Suppose 155 = 4*c - 885. Suppose 2*k + 104 = 2*s - 0*k, -5*s + c = -k. Calculate the remainder when s is divided by 11.
8
Let u(w) = w**2 - 1. Let t be u(2). Suppose 5*b = t*b + 148. What is the remainder when b is divided by 19?
17
Let z = -6 + 8. What is the remainder when (-10 + 23 + -14)*-4 is divided by z?
0
Let k = -69 - -80. Suppose -3*f + 12 = x, 3*x + 13 + k = 3*f. Calculate the remainder when f is divided by 4.
1
Suppose f + 4*f = 15. Suppose 0 = -z, -3*z = f*p - 2*p - 2. Suppose p = -4*v + 30. Calculate the remainder when 20 is divided by v.
6
Suppose 5 = 5*t, -2*t - 368 = -3*a - 43. Calculate the remainder when a is divided by 10.
9
Let y = 30 - 17. Suppose -5*w + 3*i = -465, -5*w - 2*i = -i - 445. What is the remainder when w is divided by y?
12
Let a(c) = -178*c**3 - 2*c**2 - c. Let x be a(-1). Let u = -176 + 207. Calculate the remainder when (-3 - 0)*x/(-9) is divided by u.
28
Suppose -42*b + 39*b = 0. What is the remainder when 75 is divided by 50/(-15)*(b - (-3 + 15))?
35
Let y be (24/14)/(6/21). Suppose y*m - 3*m - 30 = 0. Calculate the remainder when 24/36 - m/(-3) is divided by 2.
0
Let c = -7 - -7. Suppose c*i + i - 54 = 0. Suppose 0*g + g - i = 0. What is the remainder when g is divided by 14?
12
Let d = -416 - -473. What is the remainder when d is divided by 12?
9
Let p(o) = o**3 + 6*o**2 - 4*o - 6. Let x be p(-5). Suppose 3*f = -2*i + 34, 5*f - 92 = -3*i - x. Calculate the remainder when 41 is divided by i.
8
Suppose 3*l + 6 = -3*o, 0 = -2*l + 1 - 9. Suppose o*x = 10 + 10. What is the remainder when ((-7)/(-14))/(2/56) is divided by x?
4
Let x = 90 - 48. Suppose m - x = -m - 2*g, -2*g = -3*m + 38. Calculate the remainder when 61 is divided by m.
13
Let v = -192 - -213. Calculate the remainder when v is divided by 7.
0
Let v(z) be the second derivative of -z**5/20 + z**4 + 5*z**3/2 + 3*z**2 + 4*z. Let u be v(13). Calculate the remainder when 15 is divided by -4 + -3*u/(-12).
3
Let n(d) = d**3 + d**2 - 3*d + 3. Let g be (2/(-4))/((-2)/8). Suppose 324 + 25 - 49 = 50*l. What is the remainder when n(g) is divided by l?
3
Let s(q) = q**2 - 7*q. Let x(k) = -2*k + 37. Let m be x(12). Calculate the remainder when s(m) is divided by 40.
38
Suppose 6*u - 512 = 2*u. Suppose 2*f - 3 = i + 65, -5*i = 3*f - u. Calculate the remainder when f is divided by 13.
10
Let q = -154 - -332. Calculate the remainder when q is divided by ((6/8)/((-17)/1632))/(-2).
34
Suppose 2856 = 6*s - 2*s. Suppose -k + s = 2*k. Calculate the remainder when 38 is divided by k/18 + (-6)/27.
12
Let l(f) = -f**2 - 22*f - 41. Let k(m) = -m**3 - 9*m**2 - 9*